r?
False
Is 13005701 a composite number?
False
Is 83128847 composite?
True
Is 78044719 prime?
True
Is 700327 a prime number?
False
Is 5407651 a prime number?
True
Is 388853771 a prime number?
True
Is 1088579 prime?
True
Is 24993242 a prime number?
False
Is 999307 a prime number?
True
Is 4621891 a composite number?
False
Is 50622797 prime?
True
Is 57371921 composite?
False
Is 2356091 prime?
True
Is 3009199 composite?
True
Is 11583779 composite?
False
Is 42093733 prime?
False
Is 123159667 a prime number?
False
Is 3988867 composite?
True
Is 2374123 a composite number?
True
Is 172307 a prime number?
True
Is 21305047 a prime number?
True
Is 145651 prime?
False
Is 18418601 a composite number?
True
Is 29394385 a composite number?
True
Is 945605483 a composite number?
False
Is 16657279 a composite number?
True
Is 1343189 a prime number?
False
Is 7082587 a composite number?
True
Is 1990733 a prime number?
False
Is 3643861 a prime number?
False
Is 91502011 a composite number?
False
Is 59505919 prime?
False
Is 260121047 composite?
False
Is 643206217 a composite number?
False
Is 2603509 prime?
True
Is 18080327 composite?
False
Is 124798681 composite?
True
Is 3440929 prime?
True
Is 396101 a composite number?
True
Is 38265089 prime?
True
Is 7903741 prime?
True
Is 10829849 composite?
True
Is 237333 prime?
False
Is 1920469 a composite number?
False
Is 82960849 composite?
False
Is 752263193 a prime number?
False
Is 17290691 a prime number?
False
Is 1450847 a composite number?
False
Is 206700151 a prime number?
False
Is 1440809 prime?
False
Is 18781907 prime?
True
Is 158312023 prime?
True
Is 425399941 a prime number?
True
Is 60459817 prime?
False
Is 25265369 a composite number?
False
Is 43542299 a prime number?
False
Is 250115027 prime?
False
Is 2337277 prime?
False
Is 12726907 prime?
True
Is 80652997 composite?
True
Is 55917935 a prime number?
False
Is 29610023 a composite number?
False
Is 3555127 a prime number?
False
Is 11224033 a prime number?
True
Is 419449 a prime number?
True
Is 243923359 prime?
True
Is 1423771 a composite number?
True
Is 117325579 a composite number?
True
Is 91313 a prime number?
False
Is 230420977 prime?
True
Is 9957863 a composite number?
False
Is 241462453 a composite number?
True
Is 8103289 prime?
True
Is 4002457 prime?
True
Is 1984559 composite?
True
Is 500413 composite?
False
Is 1087231 a composite number?
False
Is 47357831 prime?
True
Is 7970147 prime?
False
Is 242448755 prime?
False
Is 694202527 a prime number?
True
Is 3639439 composite?
True
Is 221833 composite?
True
Is 12692597 prime?
True
Is 1912849 a composite number?
True
Is 41416657 prime?
False
Is 2705663 prime?
True
Is 706271999 a composite number?
False
Is 2360797 a prime number?
True
Is 8828087 composite?
True
Is 19803851 a composite number?
True
Is 79801 a prime number?
True
Is 6489635 composite?
True
Is 2081467 a prime number?
True
Is 21682987 prime?
True
Is 137712241 composite?
False
Is 32169583 a prime number?
True
Is 1696649 composite?
False
Is 8495549 composite?
False
Is 211832789 a prime number?
False
Is 22099747 a prime number?
False
Is 10982021 a composite number?
True
Is 1558757 composite?
False
Is 687988817 prime?
True
Is 106019913 prime?
False
Is 195527 a composite number?
False
Is 13289957 a prime number?
True
Is 1920089 composite?
False
Is 6082939 a composite number?
False
Is 8759749 prime?
True
Is 310747243 composite?
False
Is 5618309 composite?
False
Is 11244353 composite?
False
Is 73694591 a prime number?
True
Is 6302014 prime?
False
Is 37937827 composite?
True
Is 12237599 a prime number?
False
Is 644607933 a prime number?
False
Is 11572031 composite?
True
Is 35164531 prime?
False
Is 6580621 a composite number?
True
Is 448361 a prime number?
False
Is 23517007 a composite number?
False
Is 64033663 a prime number?
False
Is 206371267 a prime number?
False
Is 2102927 a composite number?
False
Is 132225211 composite?
True
Is 48498863 a prime number?
False
Is 71938333 a prime number?
True
Is 59478163 a prime number?
True
Is 16920879 a prime number?
False
Is 1907561 a prime number?
True
Is 3554809 a prime number?
False
Is 1929407 prime?
True
Is 841286877 prime?
False
Is 1853129 a composite number?
True
Is 389127553 prime?
True
Is 31809511 a prime number?
True
Is 11142311 a prime number?
True
Is 9561511 a prime number?
True
Is 1126789 a composite number?
True
Is 2794461 composite?
True
Is 84975071 a prime number?
False
Is 105728771 a prime number?
True
Is 130292753 composite?
False
Is 15016259 prime?
True
Is 483485 a composite number?
True
Is 2727983 composite?
True
Is 76970219 prime?
True
Is 1924313 a composite number?
True
Is 1096765 prime?
False
Is 39626941 prime?
True
Is 14374383 a composite number?
True
Is 321983 prime?
True
Is 176723 a prime number?
False
Is 174509077 a composite number?
True
Is 44723167 composite?
False
Is 21753907 a composite number?
True
Is 15795201 a composite number?
True
Is 62642381 prime?
True
Is 1691611 prime?
True
Is 15872411 a prime number?
True
Is 1344211 a prime number?
False
Is 56497369 a composite number?
True
Is 125367797 prime?
False
Is 30088231 a prime number?
False
Is 5802367 a composite number?
True
Is 419509117 a composite number?
True
Is 1928051 prime?
False
Is 798043 a composite number?
False
Is 558617 composite?
True
Is 86751087 prime?
False
Is 18500997 prime?
False
Is 12545423 prime?
False
Is 23421457 composite?
True
Is 158331773 a prime number?
True
Is 6298399 composite?
True
Is 86791123 a prime number?
True
Is 1300933669 a prime number?
False
Is 3721489 composite?
False
Is 163453259 a prime number?
True
Is 2136047 a prime number?
False
Is 6385733 a composite number?
False
Is 895987 a prime number?
True
Is 125523989 a prime number?
True
Is 2838091 composite?
False
Is 5477833 a composite number?
True
Is 3030107 composite?
False
Is 30711431 a prime number?
True
Is 59573359 a prime number?
False
Is 2685979 prime?
False
Is 172603169 prime?
True
Is 1193400111 prime?
False
Is 261797 a composite number?
True
Is 24895841 a prime number?
False
Is 422657 composite?
False
Is 323601631 a prime number?
False
Is 698111 a prime number?
True
Is 3348955 composite?
True
Is 276955331 prime?
False
Is 201715 prime?
False
Is 31941562 a composite number?
True
Is 453043 a composite number?
True
Is 60818143 prime?
True
Is 9458077 a composite number?
False
Is 7107151 composite?
True
Is 21350311 a prime number?
False
Is 1150397 a composite number?
False
Is 2680711 a composite number?
True
Is 12923203 a prime number?
True
Is 1065173 a composite number?
False
Is 4650769 prime?
False
Is 583787 a composite number?
True
Is 15856255 a prime number?
False
Is 12518503 a composite number?
True
Is 19075543 a prime number?
False
Is 46793459 a prime number?
True
Is 19246729 prime?
True
Is 2852803 a prime number?
False
Is 58293037 a prime number?
False
Is 42032251 a prime number?
False
Is 39461129 a composite number?
True
Is 11278601 a composite number?
False
Is 607953131 prime?
False
Is 55170757 prime?
True
Is 12620387 a composite number?
True
Is 8561998 a prime number?
False
Is 53973149 a composite number?
False
Is 44101697 a prime number?
True
Is 2016269 prime?
True
Is 41971681 a composite number?
True
Is 320975927 a composite number?
False
Is 12251899 prime?
False
Is 711943 composite?
True
Is 23300857 a prime number?
True
Is 515159 prime?
False
Is 794641 a prime number?
True
Is 117531229 prime?
False
Is 52939115 prime?
False
Is 12034329 a composite number?
True
Is 8122783 a composite number?
True
Is 3307201 a prime number?
True
Is 3586799 composite?
True
Is 7906373 prime?
False
Is 29307469 prime?
True
Is 4842749 composite?
False
Is 30910639 prime?
True
Is 116284793 a prime number?
False
Is 9377083 a composite number?
False
Is 69230857 prime?
True
Is 13705477 composite?
True
Is 13659859 a composite number?
True
Is 57079993 composite?
True
Is 40941169 a prime number?
False
Is 12016919 a composite number?
True
Is 27103277 composite?
True
Is 10902107 a prime number?
True
Is 83798723 composite?
True
Is 17006317 prime?
False
Is 2375411 a prime number?
True
Is 2517041 prime?
True
Is 810947 composite?
True
Is 32206247 a composite number?
False
Is 6692489 prime?
False
Is 3514609 a composite number?
True
Is 1081273 composite?
True
Is 436480039 a prime n